{"id":31834,"date":"2025-07-15T08:39:46","date_gmt":"2025-07-15T06:39:46","guid":{"rendered":"https:\/\/inzaken.eu\/?post_type=tribe_events&#038;p=31834"},"modified":"2025-07-15T08:39:46","modified_gmt":"2025-07-15T06:39:46","slug":"arna-mackic-aida-sehovic-cups-of-memory","status":"publish","type":"tribe_events","link":"https:\/\/inzaken.eu\/index.php\/event\/arna-mackic-aida-sehovic-cups-of-memory\/","title":{"rendered":"Arna Ma\u010dki\u0107 &#038; Aida \u0160ehovi\u0107 &#8211; Cups of Memory"},"content":{"rendered":"<p><img loading=\"lazy\" decoding=\"async\" class=\"alignnone size-medium wp-image-31831\" src=\"https:\/\/inzaken.eu\/wp-content\/uploads\/mackic-1-300x200.jpg\" alt=\"mackic 1\" width=\"300\" height=\"200\" srcset=\"https:\/\/inzaken.eu\/wp-content\/uploads\/mackic-1-300x200.jpg 300w, https:\/\/inzaken.eu\/wp-content\/uploads\/mackic-1-1024x683.jpg 1024w, https:\/\/inzaken.eu\/wp-content\/uploads\/mackic-1-768x512.jpg 768w, https:\/\/inzaken.eu\/wp-content\/uploads\/mackic-1-816x544.jpg 816w, https:\/\/inzaken.eu\/wp-content\/uploads\/mackic-1.jpg 1200w\" sizes=\"auto, (max-width: 300px) 100vw, 300px\" \/><\/p>\n<p><strong>Welke gruwelijkheden uit het verleden herdenken we als samenleving? En hoe bouw je als gemeenschap een monument voor een genocide waarvan de herinnering door sommigen liever wordt uitgewist? Op 11 juli 2025 is het precies 30 jaar geleden dat de genocide in Srebrenica zich voltrok. <\/strong><\/p>\n<p>In de tentoonstelling\u00a0<strong><em>Cups of Memory<\/em>\u00a0<\/strong>geven architect\u00a0<strong>Arna Ma\u010dki\u0107 (Studio L A)\u00a0<\/strong>en kunstenaar\u00a0<strong>Aida \u0160ehovi\u0107<\/strong>, beiden overlevenden van de Bosnische Oorlog (1992-1995), een nieuwe invulling aan herdenken. Daarin helpen kunst, gezamenlijke herinnering en gedeelde rituelen niet alleen om terug te blikken op het verleden, maar ook om de langdurige gevolgen ervan onder ogen te zien die tot op de dag van vandaag onze werkelijkheid be\u00efnvloeden.<\/p>\n<p><strong>30 jaar Srebrenica<\/strong><\/p>\n<p>Op 11 juli 1995 voltrekt zich in Srebrenica (Bosni\u00eb en Herzegovina) een gruwelijk drama. Het Bosnisch-Servische leger vermoordt meer dan 8.372 moslimmannen en -jongens. Het Nederlandse VN-bataljon Dutchbat, dat hen moet beschermen, grijpt niet in. Het is de grootste genocide in Europa sinds de Tweede Wereldoorlog. Toch is deze gebeurtenis na dertig jaar nog altijd niet opgenomen in het Nederlandse publieke geheugen en blijft het een lacune in de nationale herdenkingscultuur.<\/p>\n<p><strong>Waarom ben je niet hier?\u00a0<\/strong><\/p>\n<p>Het vertrekpunt van\u00a0<em>Cups of Memory \u2013 Building monuments through rituals<\/em>\u00a0is het kunstproject\u00a0<em>\u0160to te nema<\/em>\u00a0(\u2018Waarom ben je niet hier?\u2019), een participatief herdenkingsmonument op stadspleinen over de hele wereld. \u202fAida \u0160ehovi\u0107 start het project op 11 juli 2006 met een openbare performance in Sarajevo. Hiervoor verzamelde een lokale vrouwenorganisatie de eerste 923 fild\u017eani, traditionele koffiekopjes. De porseleinen kopjes werden op straat geplaatst en vervolgens werden voorbijgangers uitgenodigd ze met Bosnische koffie te vullen, om ze vervolgens onaangeroerd te laten staan. Deze stille maar krachtige herdenkingsdaad herhaalt zich jaarlijks op pleinen van steden wereldwijd: van Gen\u00e8ve tot New York en van Istanbul tot Toronto. Inmiddels is er een fild\u017ean voor elk van de (minstens) 8.372 slachtoffers.\u202fDe eerste 923 exemplaren zijn nu voor het eerst te zien in Nederland.<\/p>\n<p><strong>Reflectie en hoop<\/strong><\/p>\n<p>In\u00a0<em>Cups of Memory<\/em>\u00a0geven Ma\u010dki\u0107 en \u0160ehovi\u0107 het tijdelijke monument opnieuw vorm, omringd door beelden en verhalen van overlevenden en nakomelingen, getuigen en andere betrokkenen. Deze verhalen komen onder andere tot leven in het project<em>\u00a0Srebrenica is Nederlandse geschiedenis<\/em>\u00a0dat Ma\u010dki\u0107 in 2020 maakte in samenwerking met het collectief Bosnian Girl en fotograaf Robin de Puy. Zo bieden de makers ruimte voor reflectie, hoop, en de collectieve zoektocht naar een wereld zonder genocide.<\/p>\n<p>12 juli \u2013 16 november 2025.<\/p>\n<p><a href=\"https:\/\/www.km21.nl\/nl\">https:\/\/www.km21.nl\/nl<\/a><\/p>\n","protected":false},"excerpt":{"rendered":"<p>Welke gruwelijkheden uit het verleden herdenken we als samenleving? En hoe bouw je als gemeenschap een monument voor een genocide waarvan de herinnering door sommigen liever wordt uitgewist? Op 11 [&hellip;]<\/p>\n","protected":false},"author":2,"featured_media":0,"template":"","meta":{"_price":"","_stock":"","_tribe_ticket_header":"","_tribe_default_ticket_provider":"","_tribe_ticket_capacity":"0","_ticket_start_date":"","_ticket_end_date":"","_tribe_ticket_show_description":"","_tribe_ticket_show_not_going":false,"_tribe_ticket_use_global_stock":"","_tribe_ticket_global_stock_level":"","_global_stock_mode":"","_global_stock_cap":"","_tribe_rsvp_for_event":"","_tribe_ticket_going_count":"","_tribe_ticket_not_going_count":"","_tribe_tickets_list":"[]","_tribe_ticket_has_attendee_info_fields":false,"_tribe_events_status":"","_tribe_events_status_reason":"","footnotes":"","_tec_slr_enabled":"","_tec_slr_layout":""},"tags":[],"tribe_events_cat":[],"class_list":["post-31834","tribe_events","type-tribe_events","status-publish","hentry"],"jetpack_sharing_enabled":true,"ticketed":false,"_links":{"self":[{"href":"https:\/\/inzaken.eu\/index.php\/wp-json\/wp\/v2\/tribe_events\/31834","targetHints":{"allow":["GET"]}}],"collection":[{"href":"https:\/\/inzaken.eu\/index.php\/wp-json\/wp\/v2\/tribe_events"}],"about":[{"href":"https:\/\/inzaken.eu\/index.php\/wp-json\/wp\/v2\/types\/tribe_events"}],"author":[{"embeddable":true,"href":"https:\/\/inzaken.eu\/index.php\/wp-json\/wp\/v2\/users\/2"}],"version-history":[{"count":1,"href":"https:\/\/inzaken.eu\/index.php\/wp-json\/wp\/v2\/tribe_events\/31834\/revisions"}],"predecessor-version":[{"id":31835,"href":"https:\/\/inzaken.eu\/index.php\/wp-json\/wp\/v2\/tribe_events\/31834\/revisions\/31835"}],"wp:attachment":[{"href":"https:\/\/inzaken.eu\/index.php\/wp-json\/wp\/v2\/media?parent=31834"}],"wp:term":[{"taxonomy":"post_tag","embeddable":true,"href":"https:\/\/inzaken.eu\/index.php\/wp-json\/wp\/v2\/tags?post=31834"},{"taxonomy":"tribe_events_cat","embeddable":true,"href":"https:\/\/inzaken.eu\/index.php\/wp-json\/wp\/v2\/tribe_events_cat?post=31834"}],"curies":[{"name":"wp","href":"https:\/\/api.w.org\/{rel}","templated":true}]}}

Arna Mačkić &#038; Aida Šehović &#8211; Cups of Memory

<p><img loading="lazy" decoding="async" class="alignnone size-medium wp-image-31831" src="https://inzaken.eu/wp-content/uploads/mackic-1-300x200.jpg" alt="mackic 1" width="300" height="200" srcset="https://inzaken.eu/wp-content/uploads/mackic-1-300x200.jpg 300w, https://inzaken.eu/wp-content/uploads/mackic-1-1024x683.jpg 1024w, https://inzaken.eu/wp-content/uploads/mackic-1-768x512.jpg 768w, https://inzaken.eu/wp-content/uploads/mackic-1-816x544.jpg 816w, https://inzaken.eu/wp-content/uploads/mackic-1.jpg 1200w" sizes="auto, (max-width: 300px) 100vw, 300px" /></p>
<p><strong>Welke gruwelijkheden uit het verleden herdenken we als samenleving? En hoe bouw je als gemeenschap een monument voor een genocide waarvan de herinnering door sommigen liever wordt uitgewist? Op 11 juli 2025 is het precies 30 jaar geleden dat de genocide in Srebrenica zich voltrok. </strong></p>
<p>In de tentoonstelling <strong><em>Cups of Memory</em> </strong>geven architect <strong>Arna Mačkić (Studio L A) </strong>en kunstenaar <strong>Aida Šehović</strong>, beiden overlevenden van de Bosnische Oorlog (1992-1995), een nieuwe invulling aan herdenken. Daarin helpen kunst, gezamenlijke herinnering en gedeelde rituelen niet alleen om terug te blikken op het verleden, maar ook om de langdurige gevolgen ervan onder ogen te zien die tot op de dag van vandaag onze werkelijkheid beïnvloeden.</p>
<p><strong>30 jaar Srebrenica</strong></p>
<p>Op 11 juli 1995 voltrekt zich in Srebrenica (Bosnië en Herzegovina) een gruwelijk drama. Het Bosnisch-Servische leger vermoordt meer dan 8.372 moslimmannen en -jongens. Het Nederlandse VN-bataljon Dutchbat, dat hen moet beschermen, grijpt niet in. Het is de grootste genocide in Europa sinds de Tweede Wereldoorlog. Toch is deze gebeurtenis na dertig jaar nog altijd niet opgenomen in het Nederlandse publieke geheugen en blijft het een lacune in de nationale herdenkingscultuur.</p>
<p><strong>Waarom ben je niet hier? </strong></p>
<p>Het vertrekpunt van <em>Cups of Memory – Building monuments through rituals</em> is het kunstproject <em>Što te nema</em> (‘Waarom ben je niet hier?’), een participatief herdenkingsmonument op stadspleinen over de hele wereld.  Aida Šehović start het project op 11 juli 2006 met een openbare performance in Sarajevo. Hiervoor verzamelde een lokale vrouwenorganisatie de eerste 923 fildžani, traditionele koffiekopjes. De porseleinen kopjes werden op straat geplaatst en vervolgens werden voorbijgangers uitgenodigd ze met Bosnische koffie te vullen, om ze vervolgens onaangeroerd te laten staan. Deze stille maar krachtige herdenkingsdaad herhaalt zich jaarlijks op pleinen van steden wereldwijd: van Genève tot New York en van Istanbul tot Toronto. Inmiddels is er een fildžan voor elk van de (minstens) 8.372 slachtoffers. De eerste 923 exemplaren zijn nu voor het eerst te zien in Nederland.</p>
<p><strong>Reflectie en hoop</strong></p>
<p>In <em>Cups of Memory</em> geven Mačkić en Šehović het tijdelijke monument opnieuw vorm, omringd door beelden en verhalen van overlevenden en nakomelingen, getuigen en andere betrokkenen. Deze verhalen komen onder andere tot leven in het project<em> Srebrenica is Nederlandse geschiedenis</em> dat Mačkić in 2020 maakte in samenwerking met het collectief Bosnian Girl en fotograaf Robin de Puy. Zo bieden de makers ruimte voor reflectie, hoop, en de collectieve zoektocht naar een wereld zonder genocide.</p>
<p>12 juli – 16 november 2025.</p>
<p><a href="https://www.km21.nl/nl">https://www.km21.nl/nl</a></p>
