{"id":36169,"date":"2025-09-05T05:30:56","date_gmt":"2025-09-05T03:30:56","guid":{"rendered":"https:\/\/inzaken.eu\/?post_type=tribe_events&#038;p=36169"},"modified":"2025-09-05T05:30:56","modified_gmt":"2025-09-05T03:30:56","slug":"martin-roemers-homo-mobilis","status":"publish","type":"tribe_events","link":"https:\/\/inzaken.eu\/index.php\/event\/martin-roemers-homo-mobilis\/","title":{"rendered":"Martin Roemers &#8211; Homo Mobilis"},"content":{"rendered":"<div id=\"attachment_36166\" style=\"width: 310px\" class=\"wp-caption alignnone\"><img loading=\"lazy\" decoding=\"async\" aria-describedby=\"caption-attachment-36166\" class=\"size-medium wp-image-36166\" src=\"https:\/\/inzaken.eu\/wp-content\/uploads\/homo-mobilis-2-300x174.jpg\" alt=\"\" width=\"300\" height=\"174\" srcset=\"https:\/\/inzaken.eu\/wp-content\/uploads\/homo-mobilis-2-300x174.jpg 300w, https:\/\/inzaken.eu\/wp-content\/uploads\/homo-mobilis-2-1024x592.jpg 1024w, https:\/\/inzaken.eu\/wp-content\/uploads\/homo-mobilis-2-768x444.jpg 768w, https:\/\/inzaken.eu\/wp-content\/uploads\/homo-mobilis-2-1536x888.jpg 1536w, https:\/\/inzaken.eu\/wp-content\/uploads\/homo-mobilis-2-2048x1185.jpg 2048w, https:\/\/inzaken.eu\/wp-content\/uploads\/homo-mobilis-2-816x472.jpg 816w\" sizes=\"auto, (max-width: 300px) 100vw, 300px\" \/><p id=\"caption-attachment-36166\" class=\"wp-caption-text\"><strong>Wat zegt een voertuig over de persoon die erin rijdt? Vanaf zaterdag 27 september 2025 presenteert Kunsthal Rotterdam de tentoonstelling Homo Mobilis, een fotografisch project van Martin Roemers (1962, Oldehove). Jarenlang portretteerde Roemers mensen met hun voertuigen \u2013 van kleine stadsautootjes tot ronkende trucks, van tuk-tuks tot motorscooters. In de Kunsthal laten ruim dertig foto\u2019s zien hoe deze niet alleen dienen om van A naar B te komen, maar ook iets onthullen over status, identiteit en de cultuur waaruit ze voortkomen. <\/strong><br \/>Voor zijn project reist Roemers naar steden in Nederland, Duitsland, China, Oekra\u00efne, India, Senegal en de Verenigde Staten. In de openbare ruimte bouwt hij met zijn team een mobiele fotostudio: een wit doek van 12 meter lang en 6 meter hoog dat alle visuele afleiding wegneemt. Deze neutrale setting legt de nadruk volledig op mens en voertuig, en laat kleine details zoals houding, blik en materiaal spreken.<br \/><strong>Portretten van mobiliteit wereldwijd<\/strong><br \/>In Dakar, Senegal fotografeert Roemers de autoverkopers A\u00efcha, Yvonne, Fatimata en Becaya met een felrode Mini Cooper. Zu\u2019en poseert met haar zoontje op de scooter in Shanghai en in Bengaluru, India staan Hariom en Vinoth in hun ijscowagen voor de lens. De kleurrijke en gevarieerde beelden tonen hoe mobiliteit wereldwijd verschilt, en raken tegelijk universele thema\u2019s als milieu, gender, sociale klasse en individualiteit. Voor sommigen is een voertuig puur praktisch, voor anderen een verlengstuk van hun identiteit. De portretten zijn voorzien van slechts vier gegevens: naam, beroep, voertuigmerk en locatie. Deze minimale context laat ruimte voor verbeelding en nodigt uit tot eigen interpretatie.<br \/><strong>Over Martin Roemers<\/strong><br \/>Martin Roemers (1962, Oldehove) studeerde aan de AKI Academie voor Beeldende Kunst in Enschede en werkt al jaren aan langlopende projecten die resulteren in tentoonstellingen en fotoboeken, waaronder <em>Kabul<\/em>, <em>Relics of the Cold War<\/em>, <em>The Eyes of War <\/em>(van 3 mei t\/m 24 augustus 2012 in de Kunsthal te zien) en <em>Metropolis<\/em>. Zijn werk werd ge\u00ebxposeerd in Europa, Noord- en Zuid-Amerika, Azi\u00eb en Australi\u00eb, en is opgenomen in collecties van onder andere het Rijksmuseum (Amsterdam), Museum of Fine Arts (Houston) en Getty Research Institute (Los Angeles). Roemers won tweemaal een World Press Photo Award, naast diverse andere onderscheidingen.<br \/><strong>Publicatie<\/strong><br \/>Op 7 oktober 2025 verschijnt het fotoboek <em>Homo Mobilis<\/em> bij uitgeverij Lannoo, 208 pagina\u2019s, EAN: 9789020992359. Verkrijgbaar in de Kunsthalwinkel en -webshop voor \u20ac 49,99.<br \/><strong>27 september 2025 t\/m 1 maart 2026<\/strong><br \/>\u00a0<br \/><a href=\"https:\/\/www.kunsthal.nl\/nl\/#tijdlijn-2025-09\">https:\/\/www.kunsthal.nl\/nl\/#tijdlijn-2025-09<\/a><\/p><\/div>\n","protected":false},"excerpt":{"rendered":"","protected":false},"author":2,"featured_media":0,"template":"","meta":{"_price":"","_stock":"","_tribe_ticket_header":"","_tribe_default_ticket_provider":"","_tribe_ticket_capacity":"0","_ticket_start_date":"","_ticket_end_date":"","_tribe_ticket_show_description":"","_tribe_ticket_show_not_going":false,"_tribe_ticket_use_global_stock":"","_tribe_ticket_global_stock_level":"","_global_stock_mode":"","_global_stock_cap":"","_tribe_rsvp_for_event":"","_tribe_ticket_going_count":"","_tribe_ticket_not_going_count":"","_tribe_tickets_list":"[]","_tribe_ticket_has_attendee_info_fields":false,"_tribe_events_status":"","_tribe_events_status_reason":"","footnotes":"","_tec_slr_enabled":"","_tec_slr_layout":""},"tags":[],"tribe_events_cat":[],"class_list":["post-36169","tribe_events","type-tribe_events","status-publish","hentry"],"jetpack_sharing_enabled":true,"ticketed":false,"_links":{"self":[{"href":"https:\/\/inzaken.eu\/index.php\/wp-json\/wp\/v2\/tribe_events\/36169","targetHints":{"allow":["GET"]}}],"collection":[{"href":"https:\/\/inzaken.eu\/index.php\/wp-json\/wp\/v2\/tribe_events"}],"about":[{"href":"https:\/\/inzaken.eu\/index.php\/wp-json\/wp\/v2\/types\/tribe_events"}],"author":[{"embeddable":true,"href":"https:\/\/inzaken.eu\/index.php\/wp-json\/wp\/v2\/users\/2"}],"version-history":[{"count":1,"href":"https:\/\/inzaken.eu\/index.php\/wp-json\/wp\/v2\/tribe_events\/36169\/revisions"}],"predecessor-version":[{"id":36170,"href":"https:\/\/inzaken.eu\/index.php\/wp-json\/wp\/v2\/tribe_events\/36169\/revisions\/36170"}],"wp:attachment":[{"href":"https:\/\/inzaken.eu\/index.php\/wp-json\/wp\/v2\/media?parent=36169"}],"wp:term":[{"taxonomy":"post_tag","embeddable":true,"href":"https:\/\/inzaken.eu\/index.php\/wp-json\/wp\/v2\/tags?post=36169"},{"taxonomy":"tribe_events_cat","embeddable":true,"href":"https:\/\/inzaken.eu\/index.php\/wp-json\/wp\/v2\/tribe_events_cat?post=36169"}],"curies":[{"name":"wp","href":"https:\/\/api.w.org\/{rel}","templated":true}]}}

<div id="attachment_36166" style="width: 310px" class="wp-caption alignnone"><img loading="lazy" decoding="async" aria-describedby="caption-attachment-36166" class="size-medium wp-image-36166" src="https://inzaken.eu/wp-content/uploads/homo-mobilis-2-300x174.jpg" alt="" width="300" height="174" srcset="https://inzaken.eu/wp-content/uploads/homo-mobilis-2-300x174.jpg 300w, https://inzaken.eu/wp-content/uploads/homo-mobilis-2-1024x592.jpg 1024w, https://inzaken.eu/wp-content/uploads/homo-mobilis-2-768x444.jpg 768w, https://inzaken.eu/wp-content/uploads/homo-mobilis-2-1536x888.jpg 1536w, https://inzaken.eu/wp-content/uploads/homo-mobilis-2-2048x1185.jpg 2048w, https://inzaken.eu/wp-content/uploads/homo-mobilis-2-816x472.jpg 816w" sizes="auto, (max-width: 300px) 100vw, 300px" /><p id="caption-attachment-36166" class="wp-caption-text"><strong>Wat zegt een voertuig over de persoon die erin rijdt? Vanaf zaterdag 27 september 2025 presenteert Kunsthal Rotterdam de tentoonstelling Homo Mobilis, een fotografisch project van Martin Roemers (1962, Oldehove). Jarenlang portretteerde Roemers mensen met hun voertuigen – van kleine stadsautootjes tot ronkende trucks, van tuk-tuks tot motorscooters. In de Kunsthal laten ruim dertig foto’s zien hoe deze niet alleen dienen om van A naar B te komen, maar ook iets onthullen over status, identiteit en de cultuur waaruit ze voortkomen. </strong><br />Voor zijn project reist Roemers naar steden in Nederland, Duitsland, China, Oekraïne, India, Senegal en de Verenigde Staten. In de openbare ruimte bouwt hij met zijn team een mobiele fotostudio: een wit doek van 12 meter lang en 6 meter hoog dat alle visuele afleiding wegneemt. Deze neutrale setting legt de nadruk volledig op mens en voertuig, en laat kleine details zoals houding, blik en materiaal spreken.<br /><strong>Portretten van mobiliteit wereldwijd</strong><br />In Dakar, Senegal fotografeert Roemers de autoverkopers Aïcha, Yvonne, Fatimata en Becaya met een felrode Mini Cooper. Zu’en poseert met haar zoontje op de scooter in Shanghai en in Bengaluru, India staan Hariom en Vinoth in hun ijscowagen voor de lens. De kleurrijke en gevarieerde beelden tonen hoe mobiliteit wereldwijd verschilt, en raken tegelijk universele thema’s als milieu, gender, sociale klasse en individualiteit. Voor sommigen is een voertuig puur praktisch, voor anderen een verlengstuk van hun identiteit. De portretten zijn voorzien van slechts vier gegevens: naam, beroep, voertuigmerk en locatie. Deze minimale context laat ruimte voor verbeelding en nodigt uit tot eigen interpretatie.<br /><strong>Over Martin Roemers</strong><br />Martin Roemers (1962, Oldehove) studeerde aan de AKI Academie voor Beeldende Kunst in Enschede en werkt al jaren aan langlopende projecten die resulteren in tentoonstellingen en fotoboeken, waaronder <em>Kabul</em>, <em>Relics of the Cold War</em>, <em>The Eyes of War </em>(van 3 mei t/m 24 augustus 2012 in de Kunsthal te zien) en <em>Metropolis</em>. Zijn werk werd geëxposeerd in Europa, Noord- en Zuid-Amerika, Azië en Australië, en is opgenomen in collecties van onder andere het Rijksmuseum (Amsterdam), Museum of Fine Arts (Houston) en Getty Research Institute (Los Angeles). Roemers won tweemaal een World Press Photo Award, naast diverse andere onderscheidingen.<br /><strong>Publicatie</strong><br />Op 7 oktober 2025 verschijnt het fotoboek <em>Homo Mobilis</em> bij uitgeverij Lannoo, 208 pagina’s, EAN: 9789020992359. Verkrijgbaar in de Kunsthalwinkel en -webshop voor € 49,99.<br /><strong>27 september 2025 t/m 1 maart 2026</strong><br /> <br /><a href="https://www.kunsthal.nl/nl/#tijdlijn-2025-09">https://www.kunsthal.nl/nl/#tijdlijn-2025-09</a></p></div>
