{"id":40116,"date":"2025-12-19T05:47:41","date_gmt":"2025-12-19T04:47:41","guid":{"rendered":"https:\/\/inzaken.eu\/?post_type=tribe_events&#038;p=40116"},"modified":"2025-12-19T05:47:41","modified_gmt":"2025-12-19T04:47:41","slug":"stilte-in-de-storm","status":"publish","type":"tribe_events","link":"https:\/\/inzaken.eu\/index.php\/event\/stilte-in-de-storm\/","title":{"rendered":"Stilte in de storm"},"content":{"rendered":"<p><img loading=\"lazy\" decoding=\"async\" class=\"alignnone size-medium wp-image-40113\" src=\"https:\/\/inzaken.eu\/wp-content\/uploads\/stilte-in-de-storm-1-300x200.jpg\" alt=\"stilte in de storm 1\" width=\"300\" height=\"200\" srcset=\"https:\/\/inzaken.eu\/wp-content\/uploads\/stilte-in-de-storm-1-300x200.jpg 300w, https:\/\/inzaken.eu\/wp-content\/uploads\/stilte-in-de-storm-1-1024x683.jpg 1024w, https:\/\/inzaken.eu\/wp-content\/uploads\/stilte-in-de-storm-1-768x512.jpg 768w, https:\/\/inzaken.eu\/wp-content\/uploads\/stilte-in-de-storm-1-1536x1025.jpg 1536w, https:\/\/inzaken.eu\/wp-content\/uploads\/stilte-in-de-storm-1-816x544.jpg 816w, https:\/\/inzaken.eu\/wp-content\/uploads\/stilte-in-de-storm-1.jpg 2048w\" sizes=\"auto, (max-width: 300px) 100vw, 300px\" \/><\/p>\n<p><strong>Wie de storm wil trotseren, moet haar oog binnenstappen \u2013 terugkomen tot de kern, de plek waar stilte heerst en helderheid ontstaat. Dat is precies wat de collectietentoonstelling\u00a0<em>Stilte in de storm<\/em>\u00a0van Voorlinden biedt: een moment van bezinning in een wervelende wereld. In de tentoonstelling tonen kunstenaars als Anish Kapoor, Marina Abramovi\u0107, Massimo Bartolini en Arturo Hern\u00e1ndez Alc\u00e1zar dat stilte een bron van kracht is \u2013 en een zacht, standvastig antwoord kan bieden op de storm die ons omringt.\u00a0<\/strong><\/p>\n<p>Stap in de schoenen van Marina Abramovi\u0107 en ervaar haar methode \u2013 en word onderdeel van deze tentoonstelling! Voorlinden biedt gratis toegang voor wie \u00e9\u00e9n uur lang de performance\u00a0<a href=\"https:\/\/www.voorlinden.nl\/counting-the-rice\/\"><em>Counting the Rice<\/em><\/a>\u00a0doet:<\/p>\n<p><a href=\"https:\/\/www.voorlinden.nl\/counting-the-rice\/\">meer info<\/a><\/p>\n<p>&nbsp;<\/p>\n<p>\u2018In een wereld vol afleiding is het een uitdaging om de tijd te nemen om contact te maken met onszelf en met anderen\u2019, zegt Marina Abramovi\u0107. De performancekunstenaar bedacht daarom\u00a0<em>Counting the Rice<\/em>, een werk dat onderdeel is van de collectietentoonstelling\u00a0<em>Stilte in de storm<\/em>\u00a0van Voorlinden. Daarbij worden bezoekers uitgenodigd om een uur lang, met noise-cancelling koptelefoon op, rijstkorrels en linzen te tellen. Daarmee ontwikkel je volgens Abramovi\u0107 uithoudingsvermogen, concentratie, waarneming, zelfbeheersing en wilskracht. Het is een oefening in stilte, midden in het museum en omringd door anderen, waarbij je volledig op jezelf wordt teruggeworpen. Het werk belichaamt waar de tentoonstelling\u00a0<em>Stilte in de storm<\/em>\u00a0voor staat; in onstuimige tijden maakt stilte en aandacht je veerkrachtiger.<\/p>\n<p><em>\u2018Zet de wereld op pauze en kijk aandachtig naar wat er om je heen gebeurt en met jezelf. Juist d\u00e1\u00e1r groeit je kracht. Deze tentoonstelling is daarom een uitnodiging om te vertragen, te luisteren en te voelen wat \u00e9cht telt<\/em>.\u2019\u00a0\u2013\u00a0<strong>Suzanne Swarts, directeur Voorlinden<\/strong><\/p>\n<p><strong>Uitgestippelde route<\/strong><\/p>\n<p>Met een zorgvuldige selectie uit de eigen collectie stippelt Voorlinden in de\u00a0<em>Stilte in de storm<\/em>\u00a0een route uit die leidt tot meer verbinding: met jezelf, met de ander, met wat werkelijk van waarde is. De tentoonstelling start met de installatie\u00a0<em>Black Kites (Bird of ill omen)<\/em>\u00a0van Arturo Hern\u00e1ndez Alc\u00e1zar uit 2010-2012, waarin een zwerm onheilspellende zwarte vliegers in de lucht wordt stilgezet. Aan hun voeten brokstukken uit het verleden. Het pulserende leven is nooit ver weg; Massimo Bartolini biedt met\u00a0<em>Conveyance<\/em>\u00a0(2024), een waterbassin waarin een golf als een hartslag voortdurend wordt opgepompt, een hypnotiserende aanzet tot meditatie.<\/p>\n<p><em>\u2018Stilte geeft ruimte. Voor aandacht, voor nieuwe idee\u00ebn, om te voelen wat er echt gebeurt. Kunstenaars omarmen stilte precies omdat het de zintuigen scherpt, denkprocessen vertraagt en nieuwe beelden en betekenissen laat ontstaan. Samen die stilte ervaren en omarmen heeft iets magisch.\u2019<\/em>\u00a0<strong>\u2013 Barbara Bos, hoofd tentoonstellingen<\/strong><\/p>\n<p><strong>\u2018Zwangere\u2019 muur in Voorlinden<\/strong><\/p>\n<p>Voordat Philip Vermeulen de storm weer aanzwengelt met zijn kinetische compositie\u00a0<em>10 Meters of Sound<\/em>\u00a0(2014-2025), kom je in de nieuwe collectietentoonstelling eerst langs de verwachtingsvolle, \u2018zwangere\u2019 muur\u00a0<em>Pregnant white within me<\/em>\u00a0(2022) van Anish Kapoor en een droomachtige installatie van het kunstenaarsduo Elmgreen &amp; Dragset; met\u00a0<em>L\u2019Addition<\/em>\u00a0(2025) zoeken zij de stilte op van een eenzame wandelaar in een oneindige sneeuwvlakte.\u00a0<em>Stilte in de storm<\/em>\u00a0brengt bovendien werk van Arcangelo Sassolino, Pedro Cabrita Reis, Robert Longo, D.D. Trans, Olafur Eliasson, Lee Bae, Robert Zandvliet, Subodh Gupta, Jannis Kounellis en Josiah McElheny.<\/p>\n<p>In de bijbehorende tentoonstellingscatalogus wordt de stilte verder uitgediept met bijdragen van de Koreaans-Duitse filosoof en schrijver Byung-Chul Han en de Vlaamse cultuurjournalist en stilte-expert Virginie Platteau en gedichten van Peter Verhelst.<\/p>\n<p>Afbeelding: <strong>Philip Vermeulen<\/strong>,\u00a0<em>10 Meters of Sound<\/em>, 2014-2025,<br \/>\nCollectie museum Voorlinden, c\/o Pictoright Amsterdam, 2025<\/p>\n<p><strong>18 november 2025 \u2013 23 augustus 2026<\/strong><\/p>\n<p><a href=\"https:\/\/www.voorlinden.nl\/\">https:\/\/www.voorlinden.nl\/<\/a><\/p>\n","protected":false},"excerpt":{"rendered":"<p>Wie de storm wil trotseren, moet haar oog binnenstappen \u2013 terugkomen tot de kern, de plek waar stilte heerst en helderheid ontstaat. Dat is precies wat de collectietentoonstelling\u00a0Stilte in de [&hellip;]<\/p>\n","protected":false},"author":2,"featured_media":0,"template":"","meta":{"_price":"","_stock":"","_tribe_ticket_header":"","_tribe_default_ticket_provider":"","_tribe_ticket_capacity":"0","_ticket_start_date":"","_ticket_end_date":"","_tribe_ticket_show_description":"","_tribe_ticket_show_not_going":false,"_tribe_ticket_use_global_stock":"","_tribe_ticket_global_stock_level":"","_global_stock_mode":"","_global_stock_cap":"","_tribe_rsvp_for_event":"","_tribe_ticket_going_count":"","_tribe_ticket_not_going_count":"","_tribe_tickets_list":"[]","_tribe_ticket_has_attendee_info_fields":false,"_tribe_events_status":"","_tribe_events_status_reason":"","footnotes":"","_tec_slr_enabled":"","_tec_slr_layout":""},"tags":[],"tribe_events_cat":[],"class_list":["post-40116","tribe_events","type-tribe_events","status-publish","hentry"],"jetpack_sharing_enabled":true,"ticketed":false,"_links":{"self":[{"href":"https:\/\/inzaken.eu\/index.php\/wp-json\/wp\/v2\/tribe_events\/40116","targetHints":{"allow":["GET"]}}],"collection":[{"href":"https:\/\/inzaken.eu\/index.php\/wp-json\/wp\/v2\/tribe_events"}],"about":[{"href":"https:\/\/inzaken.eu\/index.php\/wp-json\/wp\/v2\/types\/tribe_events"}],"author":[{"embeddable":true,"href":"https:\/\/inzaken.eu\/index.php\/wp-json\/wp\/v2\/users\/2"}],"version-history":[{"count":1,"href":"https:\/\/inzaken.eu\/index.php\/wp-json\/wp\/v2\/tribe_events\/40116\/revisions"}],"predecessor-version":[{"id":40117,"href":"https:\/\/inzaken.eu\/index.php\/wp-json\/wp\/v2\/tribe_events\/40116\/revisions\/40117"}],"wp:attachment":[{"href":"https:\/\/inzaken.eu\/index.php\/wp-json\/wp\/v2\/media?parent=40116"}],"wp:term":[{"taxonomy":"post_tag","embeddable":true,"href":"https:\/\/inzaken.eu\/index.php\/wp-json\/wp\/v2\/tags?post=40116"},{"taxonomy":"tribe_events_cat","embeddable":true,"href":"https:\/\/inzaken.eu\/index.php\/wp-json\/wp\/v2\/tribe_events_cat?post=40116"}],"curies":[{"name":"wp","href":"https:\/\/api.w.org\/{rel}","templated":true}]}}

<p><img loading="lazy" decoding="async" class="alignnone size-medium wp-image-40113" src="https://inzaken.eu/wp-content/uploads/stilte-in-de-storm-1-300x200.jpg" alt="stilte in de storm 1" width="300" height="200" srcset="https://inzaken.eu/wp-content/uploads/stilte-in-de-storm-1-300x200.jpg 300w, https://inzaken.eu/wp-content/uploads/stilte-in-de-storm-1-1024x683.jpg 1024w, https://inzaken.eu/wp-content/uploads/stilte-in-de-storm-1-768x512.jpg 768w, https://inzaken.eu/wp-content/uploads/stilte-in-de-storm-1-1536x1025.jpg 1536w, https://inzaken.eu/wp-content/uploads/stilte-in-de-storm-1-816x544.jpg 816w, https://inzaken.eu/wp-content/uploads/stilte-in-de-storm-1.jpg 2048w" sizes="auto, (max-width: 300px) 100vw, 300px" /></p>
<p><strong>Wie de storm wil trotseren, moet haar oog binnenstappen – terugkomen tot de kern, de plek waar stilte heerst en helderheid ontstaat. Dat is precies wat de collectietentoonstelling <em>Stilte in de storm</em> van Voorlinden biedt: een moment van bezinning in een wervelende wereld. In de tentoonstelling tonen kunstenaars als Anish Kapoor, Marina Abramović, Massimo Bartolini en Arturo Hernández Alcázar dat stilte een bron van kracht is – en een zacht, standvastig antwoord kan bieden op de storm die ons omringt. </strong></p>
<p>Stap in de schoenen van Marina Abramović en ervaar haar methode – en word onderdeel van deze tentoonstelling! Voorlinden biedt gratis toegang voor wie één uur lang de performance <a href="https://www.voorlinden.nl/counting-the-rice/"><em>Counting the Rice</em></a> doet:</p>
<p><a href="https://www.voorlinden.nl/counting-the-rice/">meer info</a></p>
<p>&nbsp;</p>
<p>‘In een wereld vol afleiding is het een uitdaging om de tijd te nemen om contact te maken met onszelf en met anderen’, zegt Marina Abramović. De performancekunstenaar bedacht daarom <em>Counting the Rice</em>, een werk dat onderdeel is van de collectietentoonstelling <em>Stilte in de storm</em> van Voorlinden. Daarbij worden bezoekers uitgenodigd om een uur lang, met noise-cancelling koptelefoon op, rijstkorrels en linzen te tellen. Daarmee ontwikkel je volgens Abramović uithoudingsvermogen, concentratie, waarneming, zelfbeheersing en wilskracht. Het is een oefening in stilte, midden in het museum en omringd door anderen, waarbij je volledig op jezelf wordt teruggeworpen. Het werk belichaamt waar de tentoonstelling <em>Stilte in de storm</em> voor staat; in onstuimige tijden maakt stilte en aandacht je veerkrachtiger.</p>
<p><em>‘Zet de wereld op pauze en kijk aandachtig naar wat er om je heen gebeurt en met jezelf. Juist dáár groeit je kracht. Deze tentoonstelling is daarom een uitnodiging om te vertragen, te luisteren en te voelen wat écht telt</em>.’ – <strong>Suzanne Swarts, directeur Voorlinden</strong></p>
<p><strong>Uitgestippelde route</strong></p>
<p>Met een zorgvuldige selectie uit de eigen collectie stippelt Voorlinden in de <em>Stilte in de storm</em> een route uit die leidt tot meer verbinding: met jezelf, met de ander, met wat werkelijk van waarde is. De tentoonstelling start met de installatie <em>Black Kites (Bird of ill omen)</em> van Arturo Hernández Alcázar uit 2010-2012, waarin een zwerm onheilspellende zwarte vliegers in de lucht wordt stilgezet. Aan hun voeten brokstukken uit het verleden. Het pulserende leven is nooit ver weg; Massimo Bartolini biedt met <em>Conveyance</em> (2024), een waterbassin waarin een golf als een hartslag voortdurend wordt opgepompt, een hypnotiserende aanzet tot meditatie.</p>
<p><em>‘Stilte geeft ruimte. Voor aandacht, voor nieuwe ideeën, om te voelen wat er echt gebeurt. Kunstenaars omarmen stilte precies omdat het de zintuigen scherpt, denkprocessen vertraagt en nieuwe beelden en betekenissen laat ontstaan. Samen die stilte ervaren en omarmen heeft iets magisch.’</em> <strong>– Barbara Bos, hoofd tentoonstellingen</strong></p>
<p><strong>‘Zwangere’ muur in Voorlinden</strong></p>
<p>Voordat Philip Vermeulen de storm weer aanzwengelt met zijn kinetische compositie <em>10 Meters of Sound</em> (2014-2025), kom je in de nieuwe collectietentoonstelling eerst langs de verwachtingsvolle, ‘zwangere’ muur <em>Pregnant white within me</em> (2022) van Anish Kapoor en een droomachtige installatie van het kunstenaarsduo Elmgreen &amp; Dragset; met <em>L’Addition</em> (2025) zoeken zij de stilte op van een eenzame wandelaar in een oneindige sneeuwvlakte. <em>Stilte in de storm</em> brengt bovendien werk van Arcangelo Sassolino, Pedro Cabrita Reis, Robert Longo, D.D. Trans, Olafur Eliasson, Lee Bae, Robert Zandvliet, Subodh Gupta, Jannis Kounellis en Josiah McElheny.</p>
<p>In de bijbehorende tentoonstellingscatalogus wordt de stilte verder uitgediept met bijdragen van de Koreaans-Duitse filosoof en schrijver Byung-Chul Han en de Vlaamse cultuurjournalist en stilte-expert Virginie Platteau en gedichten van Peter Verhelst.</p>
<p>Afbeelding: <strong>Philip Vermeulen</strong>, <em>10 Meters of Sound</em>, 2014-2025,<br />
Collectie museum Voorlinden, c/o Pictoright Amsterdam, 2025</p>
<p><strong>18 november 2025 – 23 augustus 2026</strong></p>
<p><a href="https://www.voorlinden.nl/">https://www.voorlinden.nl/</a></p>
