{"id":40262,"date":"2025-12-25T06:48:14","date_gmt":"2025-12-25T05:48:14","guid":{"rendered":"https:\/\/inzaken.eu\/?post_type=tribe_events&#038;p=40262"},"modified":"2025-12-25T06:48:14","modified_gmt":"2025-12-25T05:48:14","slug":"dresscodes","status":"publish","type":"tribe_events","link":"https:\/\/inzaken.eu\/index.php\/event\/dresscodes\/","title":{"rendered":"Dresscodes"},"content":{"rendered":"<p><img loading=\"lazy\" decoding=\"async\" class=\"alignnone size-medium wp-image-40259\" src=\"https:\/\/inzaken.eu\/wp-content\/uploads\/dresscodes-300x200.webp\" alt=\"dresscodes\" width=\"300\" height=\"200\" srcset=\"https:\/\/inzaken.eu\/wp-content\/uploads\/dresscodes-300x200.webp 300w, https:\/\/inzaken.eu\/wp-content\/uploads\/dresscodes-1024x683.webp 1024w, https:\/\/inzaken.eu\/wp-content\/uploads\/dresscodes-768x512.webp 768w, https:\/\/inzaken.eu\/wp-content\/uploads\/dresscodes-1536x1025.webp 1536w, https:\/\/inzaken.eu\/wp-content\/uploads\/dresscodes-816x544.webp 816w, https:\/\/inzaken.eu\/wp-content\/uploads\/dresscodes.webp 1920w\" sizes=\"auto, (max-width: 300px) 100vw, 300px\" \/><\/p>\n<p><strong>Oog in oog met kleding van koninginnen Wilhelmina, Emma en M\u00e1xima. Met outfits gedragen op de rode loper door Kendall Jenner, Margot Robbie en meer. Dat kan in deze unieke modetentoonstelling.<\/strong><\/p>\n<p><strong>Dresscodes<\/strong><\/p>\n<p>Dresscodes zijn van alle tijden: wie wil je zijn, waar wil je bij horen en wat zegt je kleding daarover? Deze vragen zijn door de eeuwen heen niet veel veranderd. Aan het hof speelde mode een belangrijke rol bij het uiten van persoonlijke stijl en status.<\/p>\n<p>De tentoonstelling neemt je mee langs deze specifieke koninklijke kledingregels, waarin vragen centraal staan als: wat is een hofsleep? Wat draag je tijdens een wandeling in de buitenlucht? Is wit de kleur van trouwen of rouwen? Iconische stukken, zoals de trouwjurk van Wilhelmina, maar ook kleding voor bij de jacht, ceremonies en feesten komen aan bod.<\/p>\n<p><strong>Lezing conservator Paul Rem<\/strong><\/p>\n<p>Dresscodes zijn van alle tijden. Koninginnen pasten hun kleding aan op de gelegenheid, zoals recepties, bals en diners.\u00a0De dresscodes van de hofcultuur zijn inmiddels steeds meer onderdeel van de popcultuur geworden. Je vindt ze terug op de rode loper gedragen door beroemdheden: de stijliconen van nu.<\/p>\n<p>7 februari om 14.00 uur, melden aan de entreebalie, gratis<\/p>\n<p><strong>Rondleiding door de tentoonstelling<\/strong><\/p>\n<p>Volg een rondleiding door de tentoonstelling Dresscodes. Meer informatie over deze en andere rondleidingen vind je\u00a0<a href=\"https:\/\/paleishetloo.nl\/bezoek\/agenda\/wisselende-rondleidingen\">hier<\/a>.<\/p>\n<p>Dagelijks<\/p>\n<p><strong>Conservator aan het woord<\/strong><\/p>\n<p>De \u2018hofsleep\u2019: een losse, meterslange sleep die aan de jurk werd gehecht van de koningin en haar hofdames. De vastgestelde dresscode voor recepties en feesten aan het hof. Een opmerkelijk verhaal van een slepende kwestie, verteld door conservator Paul Rem.*met uitzondering van dinsdag 23 en 30 december.<\/p>\n<p>elke dinsdag* om 13.00 uur, 15 min, in de grand foyer, gratis<\/p>\n<p><strong>Workshop stijl je sjaal<\/strong><\/p>\n<p>Met de juiste styling haal je alles uit \u00e9\u00e9n sjaal. Ontdek hoe je met \u00e9\u00e9n accessoire verschillende looks cre\u00ebert tijdens de workshop Stijl je sjaal. Krijg een frisse dosis stijlidee\u00ebn: van nonchalant tot chic. Perfect voor iedereen die hun outfit net dat beetje extra willen geven. Schrijf je in bij de entreebalie tegenover de garderobe en laat je verrassen door de veelzijdigheid van het sjaaltje! Max. 20 personen per workshop.<\/p>\n<p>20 minuten, 17-18 jan en 28 feb \u2013 1 mrt om 13.30, 14.30 en 15.30 uur<\/p>\n<p><strong>9 oktober 2025 \u2013 8 maart 2026<\/strong><\/p>\n<p><a href=\"https:\/\/www.youtube.com\/watch?v=patr7VcOdB0\">https:\/\/www.youtube.com\/watch?v=patr7VcOdB0<\/a><\/p>\n<p><a href=\"https:\/\/paleishetloo.nl\/\">https:\/\/paleishetloo.nl\/<\/a><\/p>\n","protected":false},"excerpt":{"rendered":"<p>Oog in oog met kleding van koninginnen Wilhelmina, Emma en M\u00e1xima. Met outfits gedragen op de rode loper door Kendall Jenner, Margot Robbie en meer. Dat kan in deze unieke [&hellip;]<\/p>\n","protected":false},"author":2,"featured_media":0,"template":"","meta":{"_price":"","_stock":"","_tribe_ticket_header":"","_tribe_default_ticket_provider":"","_tribe_ticket_capacity":"0","_ticket_start_date":"","_ticket_end_date":"","_tribe_ticket_show_description":"","_tribe_ticket_show_not_going":false,"_tribe_ticket_use_global_stock":"","_tribe_ticket_global_stock_level":"","_global_stock_mode":"","_global_stock_cap":"","_tribe_rsvp_for_event":"","_tribe_ticket_going_count":"","_tribe_ticket_not_going_count":"","_tribe_tickets_list":"[]","_tribe_ticket_has_attendee_info_fields":false,"_tribe_events_status":"","_tribe_events_status_reason":"","footnotes":"","_tec_slr_enabled":"","_tec_slr_layout":""},"tags":[],"tribe_events_cat":[],"class_list":["post-40262","tribe_events","type-tribe_events","status-publish","hentry"],"jetpack_sharing_enabled":true,"ticketed":false,"_links":{"self":[{"href":"https:\/\/inzaken.eu\/index.php\/wp-json\/wp\/v2\/tribe_events\/40262","targetHints":{"allow":["GET"]}}],"collection":[{"href":"https:\/\/inzaken.eu\/index.php\/wp-json\/wp\/v2\/tribe_events"}],"about":[{"href":"https:\/\/inzaken.eu\/index.php\/wp-json\/wp\/v2\/types\/tribe_events"}],"author":[{"embeddable":true,"href":"https:\/\/inzaken.eu\/index.php\/wp-json\/wp\/v2\/users\/2"}],"version-history":[{"count":1,"href":"https:\/\/inzaken.eu\/index.php\/wp-json\/wp\/v2\/tribe_events\/40262\/revisions"}],"predecessor-version":[{"id":40263,"href":"https:\/\/inzaken.eu\/index.php\/wp-json\/wp\/v2\/tribe_events\/40262\/revisions\/40263"}],"wp:attachment":[{"href":"https:\/\/inzaken.eu\/index.php\/wp-json\/wp\/v2\/media?parent=40262"}],"wp:term":[{"taxonomy":"post_tag","embeddable":true,"href":"https:\/\/inzaken.eu\/index.php\/wp-json\/wp\/v2\/tags?post=40262"},{"taxonomy":"tribe_events_cat","embeddable":true,"href":"https:\/\/inzaken.eu\/index.php\/wp-json\/wp\/v2\/tribe_events_cat?post=40262"}],"curies":[{"name":"wp","href":"https:\/\/api.w.org\/{rel}","templated":true}]}}

<p><img loading="lazy" decoding="async" class="alignnone size-medium wp-image-40259" src="https://inzaken.eu/wp-content/uploads/dresscodes-300x200.webp" alt="dresscodes" width="300" height="200" srcset="https://inzaken.eu/wp-content/uploads/dresscodes-300x200.webp 300w, https://inzaken.eu/wp-content/uploads/dresscodes-1024x683.webp 1024w, https://inzaken.eu/wp-content/uploads/dresscodes-768x512.webp 768w, https://inzaken.eu/wp-content/uploads/dresscodes-1536x1025.webp 1536w, https://inzaken.eu/wp-content/uploads/dresscodes-816x544.webp 816w, https://inzaken.eu/wp-content/uploads/dresscodes.webp 1920w" sizes="auto, (max-width: 300px) 100vw, 300px" /></p>
<p><strong>Oog in oog met kleding van koninginnen Wilhelmina, Emma en Máxima. Met outfits gedragen op de rode loper door Kendall Jenner, Margot Robbie en meer. Dat kan in deze unieke modetentoonstelling.</strong></p>
<p><strong>Dresscodes</strong></p>
<p>Dresscodes zijn van alle tijden: wie wil je zijn, waar wil je bij horen en wat zegt je kleding daarover? Deze vragen zijn door de eeuwen heen niet veel veranderd. Aan het hof speelde mode een belangrijke rol bij het uiten van persoonlijke stijl en status.</p>
<p>De tentoonstelling neemt je mee langs deze specifieke koninklijke kledingregels, waarin vragen centraal staan als: wat is een hofsleep? Wat draag je tijdens een wandeling in de buitenlucht? Is wit de kleur van trouwen of rouwen? Iconische stukken, zoals de trouwjurk van Wilhelmina, maar ook kleding voor bij de jacht, ceremonies en feesten komen aan bod.</p>
<p><strong>Lezing conservator Paul Rem</strong></p>
<p>Dresscodes zijn van alle tijden. Koninginnen pasten hun kleding aan op de gelegenheid, zoals recepties, bals en diners. De dresscodes van de hofcultuur zijn inmiddels steeds meer onderdeel van de popcultuur geworden. Je vindt ze terug op de rode loper gedragen door beroemdheden: de stijliconen van nu.</p>
<p>7 februari om 14.00 uur, melden aan de entreebalie, gratis</p>
<p><strong>Rondleiding door de tentoonstelling</strong></p>
<p>Volg een rondleiding door de tentoonstelling Dresscodes. Meer informatie over deze en andere rondleidingen vind je <a href="https://paleishetloo.nl/bezoek/agenda/wisselende-rondleidingen">hier</a>.</p>
<p>Dagelijks</p>
<p><strong>Conservator aan het woord</strong></p>
<p>De ‘hofsleep’: een losse, meterslange sleep die aan de jurk werd gehecht van de koningin en haar hofdames. De vastgestelde dresscode voor recepties en feesten aan het hof. Een opmerkelijk verhaal van een slepende kwestie, verteld door conservator Paul Rem.*met uitzondering van dinsdag 23 en 30 december.</p>
<p>elke dinsdag* om 13.00 uur, 15 min, in de grand foyer, gratis</p>
<p><strong>Workshop stijl je sjaal</strong></p>
<p>Met de juiste styling haal je alles uit één sjaal. Ontdek hoe je met één accessoire verschillende looks creëert tijdens de workshop Stijl je sjaal. Krijg een frisse dosis stijlideeën: van nonchalant tot chic. Perfect voor iedereen die hun outfit net dat beetje extra willen geven. Schrijf je in bij de entreebalie tegenover de garderobe en laat je verrassen door de veelzijdigheid van het sjaaltje! Max. 20 personen per workshop.</p>
<p>20 minuten, 17-18 jan en 28 feb – 1 mrt om 13.30, 14.30 en 15.30 uur</p>
<p><strong>9 oktober 2025 – 8 maart 2026</strong></p>
<p><a href="https://www.youtube.com/watch?v=patr7VcOdB0">https://www.youtube.com/watch?v=patr7VcOdB0</a></p>
<p><a href="https://paleishetloo.nl/">https://paleishetloo.nl/</a></p>

<p>Oog in oog met kleding van koninginnen Wilhelmina, Emma en Máxima. Met outfits gedragen op de rode loper door Kendall Jenner, Margot Robbie en meer. Dat kan in deze unieke [&hellip;]</p>
